et g be r(-31). Let d(x) = -x**3 - 9*x**2 - 6*x - 20. Determine d(g).
-36
Let b(k) be the third derivative of -k**5/60 + k**4/6 + 19*k**3/6 - k**2. Let z = -538149 + 538155. Determine b(z).
7
Let s be 110/15*18*(-44)/(-16). Let b(q) = 123 - 2*q + 124 - s + 117. Determine b(1).
-1
Let s(u) be the second derivative of u**3/6 - 6*u**2 - u. Let i be (-20)/(-14)*140/40 + -4. Let y be i*(-15 + 22) + (-2 - -1). Determine s(y).
-6
Let r(d) = -d**2 + 4*d - 6. Suppose -15 = -3*o + 3*g, -5 = -5*o + 3*g + 14. Let q be (-5)/o*(0 + 5 + -7). What is r(q)?
-11
Let f(s) be the third derivative of -13*s**4/24 - 83*s**3/6 + 66*s**2 - 35. What is f(-7)?
8
Let a(s) be the third derivative of -s**5/60 + s**4/12 - 3*s**3/2 - 1537*s**2. Determine a(2).
-9
Let x(k) = 5*k**2 + k. Let y be x(1). Let d(c) = -c**2 + 0*c + 4*c + 1 - y. Suppose -1038*l + 881 = -347*l - 1883. Give d(l).
-5
Let o(w) = 196*w + 755. Let p(l) = -24*l - 93. Let z(s) = 2*o(s) + 17*p(s). Give z(-7).
41
Let d(r) be the third derivative of r**6/20 - r**5/20 + r**3 + 132*r**2 - 30. Calculate d(2).
42
Let m = 8 + 1. Let c = -11 + m. Let d(i) = 9*i**2 + 5*i - 15. Let w(r) = 5*r**2 + 3*r - 8. Let j(x) = 6*d(x) - 11*w(x). What is j(c)?
0
Let x(m) = 32*m + 1. Let u(g) = -98*g - 10. Let t(z) = -u(z) - 3*x(z). What is t(-7)?
-7
Let c be ((-18)/15)/((-6)/(-20) - 0). Let v be ((-11)/(-4) - (-3)/c)*2. Let f(j) = 1 - v - 2*j + 0 + 3*j. Calculate f(8).
5
Suppose 163 = -4*w - 4*f + 179, 44 = -w + 5*f. Let a(z) = 0 - 1 + 0*z + z. What is a(w)?
-5
Let o(r) = -r + 2. Suppose z + 2*z + 3*t = 78, 35 = z + 4*t. Suppose -11 + z = 3*y. Suppose 3*x = y*f + 22, -4*x = -5*f - 2 - 26. Give o(x).
0
Let y(d) be the third derivative of 23*d**2 + 1/15*d**5 + 0*d + 0 - 1/8*d**4 - 1/120*d**6 - 1/3*d**3. Determine y(3).
-2
Let u(x) = -3*x - 6*x + 8*x - 7 - 2. Suppose q = 15*q + 98. Give u(q).
-2
Let w(p) = -2*p**3 - 1194*p + 1200*p + 5*p**2 + 22 - 2*p**3 - 9*p**2 + 39*p**2. Determine w(9).
-5
Let o(m) = -m**2 + m - 4. Suppose 3*n = -2*c + 2 + 2, 5*c = n + 10. Let s be n/(5/10*-4). Determine o(s).
-4
Let k(d) be the first derivative of d**4/2 - 55*d**3/3 + 14*d**2 - 11*d + 2274. Determine k(27).
16
Let n(y) be the first derivative of y**6/180 + y**5/120 - y**4/24 - 30*y**3 + 167. Let f(r) be the third derivative of n(r). Determine f(-3).
14
Let i(k) = -32*k - 1225. Let c(a) = 42*a + 1838. Let h(u) = -7*c(u) - 10*i(u). Calculate h(24).
8
Let t(p) = p**3 + 55*p**2 + 3*p + 172. Let a be t(-55). Let u(w) = a + 17 - 2 - 2*w - 7 + 0*w. Determine u(5).
5
Let a be 3 + (-10 - -5) + -1 + 1. Let y(q) = q**2 + 7*q + 6. Let o(m) = m**2 + 6*m + 5. Let r(i) = 7*o(i) - 6*y(i). Calculate r(a).
3
Suppose 2*f = f + 11. Let x(d) = -7*d**2 - 7*d + 886. Let h(c) = -68*c**2 - 71*c + 8640. Let k(r) = 4*h(r) - 39*x(r). Give k(f).
6
Let c(h) = -h**3 - 10*h**2 + 31*h + 23. Suppose o + u = -10, 5*o + 70 = 93*u - 88*u. Calculate c(o).
-61
Let o(x) = -17 + 2*x + 29*x**2 - 21 + 36. Give o(1).
29
Let z = 9879 - 9860. Let g(c) = -26*c + 502. Determine g(z).
8
Let y(a) = -a**2 - 7*a + 7. Let r(s) = s**3 - 5*s**2 + s + 2. Let c be r(4). Let t be c/300*-4 + (-244)/30. Calculate y(t).
-1
Let c(g) = -g**2 - 28*g + 5. Let o = -11901 + 11874. Give c(o).
32
Let n(y) = 6*y + 66. Suppose -296*x - 1066 = -138*x - 76*x. Calculate n(x).
-12
Let c(i) = 10621*i**2 - 10625*i**2 + 2 + 3 + 10*i**3 - 3*i. Let q(s) = 4*s**3 - 2*s**2 - 2*s + 3. Let a(w) = -4*c(w) + 7*q(w). What is a(1)?
-11
Let f(t) = 2*t**2 + 6*t - 7. Let v = -89 + 8. Let a be (v/72 - 2/16)*4. Calculate f(a).
13
Let j(z) = -2*z**2 - 19*z - 13. Let g be j(-9). Let y be g/(-12)*-3 + 0. Let v(k) = -6*k**2 - k - 1. Give v(y).
-6
Let d be ((-6)/4)/(6/(-16)). Let m(i) = -12 + 1556*i**2 + 9*i + d - 1548*i**2 - i**3. Calculate m(9).
-8
Let g(r) be the third derivative of -r**4/24 + 2*r**3/3 - 861*r**2 + 4. Suppose 5 + 7 = -3*m. Determine g(m).
8
Let n(f) be the second derivative of 1 + 5/6*f**3 + f**2 + 1/12*f**4 + 20*f. What is n(-5)?
2
Let i be 0 - ((-104)/(-2))/(-4). Let p(b) = 2330*b**2 + b**3 - b - 1215*b**2 - 1128*b**2 + 7. What is p(i)?
-6
Let m(o) = 99 - 10*o - o**2 + 0*o + 8*o + 14*o. What is m(17)?
14
Let m(v) be the third derivative of -17/6*v**3 + 0*v - 1/12*v**4 + 0 + 181*v**2. Determine m(-8).
-1
Let v be 6*(4/(-6) + 0). Let w(r) = 3*r + 6*r + 3*r**2 - 4 - 9*r**2 + 7*r**2 - 7*r. Calculate w(v).
4
Let n(f) = -f - 44. Let a(i) = i**2 - 59*i - 763. Let g be a(-11). Determine n(g).
-51
Suppose -255*h - 481 - 121 - 163 = 0. Let p(s) = -2*s**2 + 10*s + 40. Give p(h).
-8
Let f(d) = 611*d + 4. Let s(i) = -1128*i - 6. Let h(k) = -11*f(k) - 6*s(k). Determine h(2).
86
Let l be (6 + -2 - 3) + -2. Let b(o) be the first derivative of -o**5/4 - o**4/24 - 13*o**2/2 - 1. Let s(x) be the second derivative of b(x). Calculate s(l).
-14
Let l(g) = -8*g + 160. Let p be ((880/154)/(-20))/((-4)/238). Calculate l(p).
24
Let x be 3/(9/12) + -3. Let n be 15/45 + (0 - (-2)/3). Let k(y) = 6*y**2 - y - 2. Let i(a) = -a**2 + a + 1. Let m(b) = n*k(b) + 2*i(b). Calculate m(x).
5
Let g(h) = 2*h**2 + 38*h - 90. Let l = -11015 + 10994. What is g(l)?
-6
Let p(f) = f + 3. Let h be p(3). Let z(l) = -l**2 - 18 + 8 + h + 7. Give z(0).
3
Let j(q) = -q**2 + 5*q. Let f be (-6)/(-12)*8 - 2. Let d(n) = 2*n**3 - 4*n**2 + 4*n - 2. Let b be d(f). What is j(b)?
-6
Let u(x) be the second derivative of -19*x**3/6 + 9*x**2/2 - 8046*x. Determine u(-3).
66
Let u(z) be the third derivative of z**5/60 - 7*z**4/6 - 28*z**3 + 1363*z**2. Determine u(-5).
-3
Let a(b) = 5*b**3 - 658*b + 2*b**3 - b**2 - 1 + 659*b. Let t be (1 - (3 - 8)) + -5. Give a(t).
6
Suppose -10 = 2*j - 2*f, -3*j - 19 + 4 = -4*f. Let s be 3*1*(6 + -5). Let l(y) = 9 + 6*y**2 + 4*y - 2*y**s + 1 + 3*y**3 - 3. Calculate l(j).
12
Let d(c) be the second derivative of -c**5/20 + 13*c**4/12 - 13*c**3/6 - 11*c**2 - 3713*c. Calculate d(12).
-34
Let q(k) = 1 + 0 + 2*k - 3*k - 15 - 70*k**2 + 69*k**2 - k**3. Let j(w) = 2*w. Let f be j(-7). Let n = 14 + f. Calculate q(n).
-14
Let x(d) = d**2 - 8*d - 17. Suppose 0*t - 3*u - 59 = -4*t, -t - u = -6. Calculate x(t).
16
Let i(f) be the third derivative of -f**5/20 + 16*f**4/3 + 49*f**3/6 + 792*f**2 + f + 1. Give i(43).
6
Let s(t) = t**3 + 5*t**2 - 3 - 4*t**2 - 2*t - t**2. Let w = 81 - 67. Suppose 3*g + 4*b = 4*g - w, -14 = g + 3*b. What is s(g)?
-7
Let h be (-49 + 49)/(10 - 8). Let i(j) = j**2 - 9*j + 6. Give i(h).
6
Let p(a) = 25*a**2 + 185 - 89*a - 182 + 87*a - 26*a**2. Let b be (1 + 14/(-6))*3. Determine p(b).
-5
Let h(l) = -11*l + 238. Let x be h(21). Let p(r) = r**3 - 6*r**2 - 4*r - 14. What is p(x)?
7
Let l(h) = -2*h + 38. Suppose -176 - 31 = -445*w + 436*w. Give l(w).
-8
Let v = 242 + -234. Let a be -2 + (-4)/(0 - 4)*v. Let u(g) = -5*g + 21. Calculate u(a).
-9
Let w(t) = -t**3 + 8*t**2 - 7*t + 11. Let z be 190/114*42/10. Determine w(z).
11
Let c(x) be the third derivative of -13*x**4/24 + 266*x**3/3 - 12*x**2 + 4*x + 2. Give c(41).
-1
Let j(i) = 12*i**2 - 121*i + 27. Let z be j(10). Let s(p) = -p**2 + 13*p - 26. Calculate s(z).
-94
Let w(m) = 7*m**3 + 4*m**2 - 5*m - 17. Let p be w(-3). Let q be ((-10)/6)/(-2 - p/90). Let i(k) = 2*k + 6. Determine i(q).
18
Let w(i) = -80*i - 395. Let h(d) = d**2 + 20*d + 70. Let v be h(-15). Let m be w(v). Let c(x) = -x**3 + 6*x**2 - x - 3. Determine c(m).
17
Let w(s) be the first derivative of -s**3/3 + 3*s**2/2 + 47*s - 1823. Determine w(-5).
7
Let s(p) = -2*p**3 - 5*p**2 - 4*p + 2. Suppose 5*v + 2088 = 4*w - 1332, 4*v - 2*w + 2736 = 0. Let f = v + 682. What is s(f)?
6
Suppose -24*f + 25*f = 4. Let x(n) = 42*n**3 + f*n - 24*n**3 - 19*n**3 + 4 - 3*n**2. Determine x(-3).
-8
Let z(o) = -o**2 + 9*o + 22. Suppose -w = -634 + 626. Calculate z(w).
30
Let c(z) = -z - 3. Let w be c(-5). Let b be 2*(11/w)/1. Suppose y + b = -2*f, 4*y = 2*f + f. Let d(i) = 3*i + 3. What is d(f)?
-9
Let c be 3/(-2) + 2 + (-2)/(-4). Let m(o) = -o**2 - 36*o + 2 - 29*o + 64*o - c. Let t = -6 - -8. Determine m(t).
-5
Let t(p) = 2470*p + 59279. Let a be t(-24). Let c(x) be the third derivative of -x**4/8 + x**3/6 + x**2. Calculate c(a).
4
Let l(n) = -634 - 247*n + 5*n**2 + 634 + 249*n - 2*n**2. Let m(p) = p**3 - 8*p**2 + 2. Let y be m(8). Give l(y).
16
Let l(b) be the second derivative of -5*b**4/12 - 5*b**3/6 - 2*b**2 + 67*b + 2. Determine l(-2).
-14
Let c(l